{"id":8,"date":"2019-03-31T18:58:16","date_gmt":"2019-03-31T18:58:16","guid":{"rendered":"https:\/\/www.prideweekkl.de\/pwklb\/?page_id=8"},"modified":"2019-03-31T18:58:16","modified_gmt":"2019-03-31T18:58:16","slug":"was-ist-idahot","status":"publish","type":"page","link":"https:\/\/www.prideweekkl.de\/index.php\/was-ist-idahot\/","title":{"rendered":"Was ist IDAHOT?"},"content":{"rendered":"\n<p>Am 17.05.1990 strich die Weltgesundheitsorganisation Homosexualit\u00e4t aus ihrem Diagnose-Schl\u00fcssel psychischer Krankheiten. Seit 2005 findet an diesem Tag j\u00e4hrlich der Internationale Tag gegen Homophobie und Transphobie (IDAHOT) statt. Transidentit\u00e4t wird von der WHO jedoch nach wie vor als psychische St\u00f6rung eingestuft. Lesben, Schwule, Bisexuelle, Trans* und Inter* setzen am 17. Mai auf der ganzen Welt Zeichen gegen Homophobie und Transphobie. Zusammen mit allen Menschen, die mit uns solidarisch sind, zeigen wir \u2013 Rechte f\u00fcr Lesben, Schwule, Bisexuelle, Trans*und Inter* sind Menschenrechte und diese m\u00fcssen international gelten!<\/p>\n\n\n\n<p>In vielen L\u00e4ndern der Welt werden Lesben, Schwule, Bisexuelle, Trans* und Inter* immer noch strafrechtlich verfolgt. Ihnen drohen Gef\u00e4ngnisstrafen oder sogar die Todesstrafe. Daher sind unter den Gefl\u00fcchteten, die momentan zu uns kommen, auch viele queere Menschen. Doch ob gefl\u00fcchtet oder nicht, auch in Deutschland sind Lesben, Schwule, Bisexuelle, Trans* und Inter* h\u00e4ufig Diskriminierungen ausgesetzt. Rechtspopulistische Parteien hetzen nicht nur gegen Gefl\u00fcchtete, sondern auch gegen die Gleichberechtigung von Lesben, Schwulen, Bisexuellen, Trans* und Inter*.<\/p>\n\n\n\n<p>Kommt mit uns am 17.5. auf die Stra\u00dfe und zeigt, dass wir jedwedem homo- und transphoben Verhalten gemeinsam entgegentreten, uns mit LSBTI solidarisieren und uns f\u00fcr die Rechte ALLER Schwulen, Lesben, Bisexuellen, Trans* und Inter* in Deutschland und international einsetzen!<\/p>\n","protected":false},"excerpt":{"rendered":"<p>Am 17.05.1990 strich die Weltgesundheitsorganisation Homosexualit\u00e4t aus ihrem Diagnose-Schl\u00fcssel psychischer Krankheiten. Seit 2005 findet an diesem Tag j\u00e4hrlich der Internationale Tag gegen Homophobie und Transphobie (IDAHOT) statt. Transidentit\u00e4t wird von der WHO jedoch nach wie vor als psychische St\u00f6rung eingestuft. Lesben, Schwule, Bisexuelle, Trans* und Inter* setzen am 17. Mai auf der ganzen Welt Zeichen [&hellip;]<\/p>\n","protected":false},"author":1,"featured_media":0,"parent":0,"menu_order":0,"comment_status":"closed","ping_status":"closed","template":"","meta":{"footnotes":""},"class_list":["post-8","page","type-page","status-publish","hentry"],"_links":{"self":[{"href":"https:\/\/www.prideweekkl.de\/index.php\/wp-json\/wp\/v2\/pages\/8","targetHints":{"allow":["GET"]}}],"collection":[{"href":"https:\/\/www.prideweekkl.de\/index.php\/wp-json\/wp\/v2\/pages"}],"about":[{"href":"https:\/\/www.prideweekkl.de\/index.php\/wp-json\/wp\/v2\/types\/page"}],"author":[{"embeddable":true,"href":"https:\/\/www.prideweekkl.de\/index.php\/wp-json\/wp\/v2\/users\/1"}],"replies":[{"embeddable":true,"href":"https:\/\/www.prideweekkl.de\/index.php\/wp-json\/wp\/v2\/comments?post=8"}],"version-history":[{"count":1,"href":"https:\/\/www.prideweekkl.de\/index.php\/wp-json\/wp\/v2\/pages\/8\/revisions"}],"predecessor-version":[{"id":9,"href":"https:\/\/www.prideweekkl.de\/index.php\/wp-json\/wp\/v2\/pages\/8\/revisions\/9"}],"wp:attachment":[{"href":"https:\/\/www.prideweekkl.de\/index.php\/wp-json\/wp\/v2\/media?parent=8"}],"curies":[{"name":"wp","href":"https:\/\/api.w.org\/{rel}","templated":true}]}}